 is divided by 20173?
490
What is the remainder when 37203 is divided by 237?
231
Calculate the remainder when 4671315 is divided by 259.
250
Calculate the remainder when 1285611 is divided by 142832.
123
What is the remainder when 14357861 is divided by 1363?
19
Calculate the remainder when 192242377 is divided by 47.
16
Calculate the remainder when 164035 is divided by 81995.
45
What is the remainder when 782828 is divided by 93?
47
Calculate the remainder when 137025 is divided by 75.
0
What is the remainder when 1739694 is divided by 392?
390
Calculate the remainder when 3143567 is divided by 2001.
1997
What is the remainder when 97861 is divided by 14647?
9979
Calculate the remainder when 43592510 is divided by 656.
654
What is the remainder when 95715 is divided by 544?
515
What is the remainder when 6557750 is divided by 167?
161
Calculate the remainder when 3493893 is divided by 2073.
888
Calculate the remainder when 479912 is divided by 479845.
67
Calculate the remainder when 4798314 is divided by 953.
912
What is the remainder when 3863071 is divided by 48?
31
Calculate the remainder when 1988789 is divided by 26.
23
What is the remainder when 239353 is divided by 4515?
58
What is the remainder when 328128 is divided by 1302?
24
Calculate the remainder when 196282 is divided by 95017.
6248
What is the remainder when 1984023 is divided by 33?
30
Calculate the remainder when 2168946 is divided by 722700.
846
Calculate the remainder when 19138 is divided by 2747.
2656
Calculate the remainder when 6637454 is divided by 192.
14
What is the remainder when 30497 is divided by 2852?
1977
What is the remainder when 31549286 is divided by 537?
536
What is the remainder when 519173496 is divided by 41?
8
Calculate the remainder when 25552462 is divided by 83.
82
What is the remainder when 17753142 is divided by 108?
102
What is the remainder when 245646 is divided by 4549?
0
What is the remainder when 38998046 is divided by 42?
38
What is the remainder when 14680 is divided by 1389?
790
Calculate the remainder when 462526 is divided by 7564.
1122
What is the remainder when 46162002 is divided by 264?
18
Calculate the remainder when 2055542 is divided by 606.
596
What is the remainder when 86977124 is divided by 15?
14
What is the remainder when 1276827 is divided by 425552?
171
Calculate the remainder when 145259523 is divided by 6698.
6695
Calculate the remainder when 524884 is divided by 471.
190
Calculate the remainder when 895520 is divided by 40645.
1330
What is the remainder when 182087110 is divided by 218?
212
What is the remainder when 10409 is divided by 604?
141
Calculate the remainder when 4032615497 is divided by 50.
47
Calculate the remainder when 253405 is divided by 84125.
1030
What is the remainder when 25537 is divided by 973?
239
What is the remainder when 255048 is divided by 19527?
1197
Calculate the remainder when 15317864 is divided by 114.
26
Calculate the remainder when 23454367 is divided by 5715.
7
Calculate the remainder when 130716 is divided by 8.
4
Calculate the remainder when 7276646 is divided by 142.
140
What is the remainder when 368903 is divided by 162?
29
What is the remainder when 2220871 is divided by 1110414?
43
Calculate the remainder when 1166677 is divided by 48579.
781
Calculate the remainder when 310433 is divided by 492.
473
What is the remainder when 2522306 is divided by 420370?
86
Calculate the remainder when 3506395 is divided by 1168798.
1
Calculate the remainder when 1567442 is divided by 1567436.
6
Calculate the remainder when 567529274 is divided by 823.
819
Calculate the remainder when 40163 is divided by 12991.
1190
What is the remainder when 510507 is divided by 255252?
3
Calculate the remainder when 391838 is divided by 130585.
83
What is the remainder when 848567 is divided by 49915?
12
Calculate the remainder when 25167462 is divided by 548.
14
Calculate the remainder when 849233 is divided by 14.
7
Calculate the remainder when 510611 is divided by 70.
31
What is the remainder when 11175 is divided by 3234?
1473
Calculate the remainder when 10419588 is divided by 22.
14
What is the remainder when 100022222 is divided by 28?
6
Calculate the remainder when 4646529 is divided by 117.
108
Calculate the remainder when 3397085 is divided by 26.
3
What is the remainder when 376380 is divided by 51648?
14844
Calculate the remainder when 19021690 is divided by 454.
452
What is the remainder when 567399 is divided by 70?
49
Calculate the remainder when 347254 is divided by 531.
511
What is the remainder when 179500 is divided by 25635?
55
What is the remainder when 11838992 is divided by 8686?
8660
Calculate the remainder when 509677 is divided by 1310.
87
Calculate the remainder when 30108159 is divided by 80.
79
Calculate the remainder when 14704 is divided by 1016.
480
What is the remainder when 182977 is divided by 248?
201
Calculate the remainder when 30513819 is divided by 40097.
2
Calculate the remainder when 557099679 is divided by 76.
71
What is the remainder when 188110 is divided by 20899?
19
Calculate the remainder when 6963340 is divided by 107.
101
What is the remainder when 158288 is divided by 158281?
7
Calculate the remainder when 2257653 is divided by 16479.
30
Calculate the remainder when 254428 is divided by 127125.
178
What is the remainder when 5906720 is divided by 7177?
49
Calculate the remainder when 1113627 is divided by 11357.
641
What is the remainder when 7319958 is divided by 58?
10
Calculate the remainder when 39212 is divided by 87.
62
What is the remainder when 42746764 is divided by 971517?
16
What is the remainder when 1020909853 is divided by 49?
47
Calculate the remainder when 342051 is divided by 52.
47
Calculate the remainder when 316707 is divided by 1433.
14
What is the remainder when 31597581 is divided by 6319512?
21
What is the remainder when 9005495 is divided by 824?
823
What is the remainder when 1935060 is divided by 22?
6
Calculate the remainder when 1883806 is divided by 1613.
1435
What is the remainder when 124346969 is divided by 1397?
1396
What is the remainder when 5402350 is divided by 2700912?
526
Calculate the remainder when 50603592 is divided by 131.
126
What is the remainder when 258624 is divided by 1060?
1044
Calculate the remainder when 98077 is divided by 4879.
497
Calculate the remainder when 53401 is divided by 17489.
934
Calculate the remainder when 1375906 is divided by 202.
84
Calculate the remainder when 1341006 is divided by 20015.
1
Calculate the remainder when 18031698 is divided by 923.
893
What is the remainder when 25062278 is divided by 427?
367
Calculate the remainder when 3729057 is divided by 109675.
107
Calculate the remainder when 41240 is divided by 40837.
403
Calculate the remainder when 34374 is divided by 693.
417
What is the remainder when 3281 is divided by 150?
131
Calculate the remainder when 540891 is divided by 539761.
1130
Calculate the remainder when 60556479 is divided by 320.
319
Calculate the remainder when 15153669 is divided by 178278.
39
Calculate the remainder when 87045 is divided by 152.
101
Calculate the remainder when 1531362 is divided by 153135.
12
What is the remainder when 844045 is divided by 24?
13
What is the remainder when 823005 is divided by 11?
7
What is the remainder when 210376414 is divided by 105188191?
32
Calculate the remainder when 850518 is divided by 175.
18
What is the remainder when 592521134 is divided by 15?
14
What is the remainder when 5585556 is divided by 3?
0
Calculate the remainder when 8242295 is divided by 7307.
7306
What is the remainder when 528395 is divided by 15541?
1
Calculate the remainder when 893831246 is divided by 625.
621
Calculate the remainder when 58597178 is divided by 631.
625
What is the remainder when 259893 is divided by 37090?
263
What is the remainder when 423313 is divided by 208?
33
Calculate the remainder when 167527 is divided by 23884.
339
Calculate the remainder when 7192226 is divided by 447.
443
Calculate the remainder when 13029247 is divided by 2605849.
2
What is the remainder when 61479 is divided by 29024?
3431
What is the remainder when 71047 is divided by 3739?
6
What is the remainder when 791439 is divided by 791435?
4